{"id":160,"date":"2020-03-27T11:45:03","date_gmt":"2020-03-27T11:45:03","guid":{"rendered":"https:\/\/lamotte-immobilien.de\/?page_id=160"},"modified":"2020-11-05T16:08:33","modified_gmt":"2020-11-05T16:08:33","slug":"ueber-uns-2","status":"publish","type":"page","link":"https:\/\/lamotte-immobilien.de\/?page_id=160","title":{"rendered":"\u00dcber uns"},"content":{"rendered":"\n<p class=\"has-text-align-left has-normal-font-size\"><\/p>\n\n\n\n<figure class=\"wp-block-image size-large is-resized\"><img loading=\"lazy\" decoding=\"async\" src=\"https:\/\/lamotte-immobilien.de\/wp-content\/uploads\/2020\/04\/Passfoto_neu-745x1024.jpg\" alt=\"\" class=\"wp-image-244\" width=\"211\" height=\"290\" srcset=\"https:\/\/lamotte-immobilien.de\/wp-content\/uploads\/2020\/04\/Passfoto_neu-745x1024.jpg 745w, https:\/\/lamotte-immobilien.de\/wp-content\/uploads\/2020\/04\/Passfoto_neu-218x300.jpg 218w, https:\/\/lamotte-immobilien.de\/wp-content\/uploads\/2020\/04\/Passfoto_neu-768x1056.jpg 768w, https:\/\/lamotte-immobilien.de\/wp-content\/uploads\/2020\/04\/Passfoto_neu-1117x1536.jpg 1117w, https:\/\/lamotte-immobilien.de\/wp-content\/uploads\/2020\/04\/Passfoto_neu-1489x2048.jpg 1489w, https:\/\/lamotte-immobilien.de\/wp-content\/uploads\/2020\/04\/Passfoto_neu-scaled.jpg 1862w\" sizes=\"auto, (max-width: 211px) 100vw, 211px\" \/><\/figure>\n\n\n\n<p class=\"has-text-align-left has-normal-font-size\">Ren\u00e9 Lamotte <\/p>\n\n\n\n<ul class=\"wp-block-list\"><li>Ausbildung zum Bankkaufmann \/ Studium Wohnungsfachwirt (EBZ)<\/li><li>Gesch\u00e4ftsf\u00fchrer<\/li><\/ul>\n\n\n\n<blockquote class=\"wp-block-quote is-style-default is-layout-flow wp-block-quote-is-layout-flow\"><p>&#8222;F\u00fcr uns ist die Verwaltung eine ganzheitliche Kundenbetreuung und nicht nur eine reine Abrechnungst\u00e4tigkeit. Die tats\u00e4chlichen Dienstleistungen eines Verwalters lassen sich daher erst in der t\u00e4glichen Praxis erkennen. F\u00fcr Fragen und Antworten stehen wir Ihnen gerne zur Verf\u00fcgung.&#8220;<\/p><cite>Ren\u00e9 Lamotte &#8211; Gesch\u00e4ftsf\u00fchrer<\/cite><\/blockquote>\n\n\n\n<p><\/p>\n\n\n\n<p><\/p>\n","protected":false},"excerpt":{"rendered":"<p>Ren\u00e9 Lamotte Ausbildung zum Bankkaufmann \/ Studium Wohnungsfachwirt (EBZ) Gesch\u00e4ftsf\u00fchrer &#8222;F\u00fcr uns ist die Verwaltung eine ganzheitliche Kundenbetreuung und nicht nur eine reine Abrechnungst\u00e4tigkeit. Die tats\u00e4chlichen Dienstleistungen eines Verwalters lassen sich daher erst in der t\u00e4glichen Praxis erkennen. F\u00fcr Fragen und Antworten stehen wir Ihnen gerne zur Verf\u00fcgung.&#8220; Ren\u00e9 Lamotte &#8211; Gesch\u00e4ftsf\u00fchrer<\/p>\n","protected":false},"author":1,"featured_media":0,"parent":0,"menu_order":0,"comment_status":"closed","ping_status":"closed","template":"","meta":{"footnotes":""},"class_list":["post-160","page","type-page","status-publish","hentry"],"yoast_head":"<!-- This site is optimized with the Yoast SEO plugin v27.6 - https:\/\/yoast.com\/product\/yoast-seo-wordpress\/ -->\n<title>\u00dcber uns -<\/title>\n<meta name=\"robots\" content=\"index, follow, max-snippet:-1, max-image-preview:large, max-video-preview:-1\" \/>\n<link rel=\"canonical\" href=\"https:\/\/lamotte-immobilien.de\/?page_id=160\" \/>\n<meta property=\"og:locale\" content=\"de_DE\" \/>\n<meta property=\"og:type\" content=\"article\" \/>\n<meta property=\"og:title\" content=\"\u00dcber uns -\" \/>\n<meta property=\"og:description\" content=\"Ren\u00e9 Lamotte Ausbildung zum Bankkaufmann \/ Studium Wohnungsfachwirt (EBZ) Gesch\u00e4ftsf\u00fchrer &#8222;F\u00fcr uns ist die Verwaltung eine ganzheitliche Kundenbetreuung und nicht nur eine reine Abrechnungst\u00e4tigkeit. Die tats\u00e4chlichen Dienstleistungen eines Verwalters lassen sich daher erst in der t\u00e4glichen Praxis erkennen. F\u00fcr Fragen und Antworten stehen wir Ihnen gerne zur Verf\u00fcgung.&#8220; Ren\u00e9 Lamotte &#8211; Gesch\u00e4ftsf\u00fchrer\" \/>\n<meta property=\"og:url\" content=\"https:\/\/lamotte-immobilien.de\/?page_id=160\" \/>\n<meta property=\"article:modified_time\" content=\"2020-11-05T16:08:33+00:00\" \/>\n<meta property=\"og:image\" content=\"https:\/\/lamotte-immobilien.de\/wp-content\/uploads\/2020\/04\/Passfoto_neu-745x1024.jpg\" \/>\n<meta name=\"twitter:card\" content=\"summary_large_image\" \/>\n<script type=\"application\/ld+json\" class=\"yoast-schema-graph\">{\"@context\":\"https:\\\/\\\/schema.org\",\"@graph\":[{\"@type\":\"WebPage\",\"@id\":\"https:\\\/\\\/lamotte-immobilien.de\\\/?page_id=160\",\"url\":\"https:\\\/\\\/lamotte-immobilien.de\\\/?page_id=160\",\"name\":\"\u00dcber uns -\",\"isPartOf\":{\"@id\":\"https:\\\/\\\/lamotte-immobilien.de\\\/#website\"},\"primaryImageOfPage\":{\"@id\":\"https:\\\/\\\/lamotte-immobilien.de\\\/?page_id=160#primaryimage\"},\"image\":{\"@id\":\"https:\\\/\\\/lamotte-immobilien.de\\\/?page_id=160#primaryimage\"},\"thumbnailUrl\":\"https:\\\/\\\/lamotte-immobilien.de\\\/wp-content\\\/uploads\\\/2020\\\/04\\\/Passfoto_neu-745x1024.jpg\",\"datePublished\":\"2020-03-27T11:45:03+00:00\",\"dateModified\":\"2020-11-05T16:08:33+00:00\",\"breadcrumb\":{\"@id\":\"https:\\\/\\\/lamotte-immobilien.de\\\/?page_id=160#breadcrumb\"},\"inLanguage\":\"de\",\"potentialAction\":[{\"@type\":\"ReadAction\",\"target\":[\"https:\\\/\\\/lamotte-immobilien.de\\\/?page_id=160\"]}]},{\"@type\":\"ImageObject\",\"inLanguage\":\"de\",\"@id\":\"https:\\\/\\\/lamotte-immobilien.de\\\/?page_id=160#primaryimage\",\"url\":\"https:\\\/\\\/lamotte-immobilien.de\\\/wp-content\\\/uploads\\\/2020\\\/04\\\/Passfoto_neu-745x1024.jpg\",\"contentUrl\":\"https:\\\/\\\/lamotte-immobilien.de\\\/wp-content\\\/uploads\\\/2020\\\/04\\\/Passfoto_neu-745x1024.jpg\"},{\"@type\":\"BreadcrumbList\",\"@id\":\"https:\\\/\\\/lamotte-immobilien.de\\\/?page_id=160#breadcrumb\",\"itemListElement\":[{\"@type\":\"ListItem\",\"position\":1,\"name\":\"Home\",\"item\":\"https:\\\/\\\/lamotte-immobilien.de\\\/\"},{\"@type\":\"ListItem\",\"position\":2,\"name\":\"\u00dcber uns\"}]},{\"@type\":\"WebSite\",\"@id\":\"https:\\\/\\\/lamotte-immobilien.de\\\/#website\",\"url\":\"https:\\\/\\\/lamotte-immobilien.de\\\/\",\"name\":\"www.lamotte-hausverwaltungen.de\",\"description\":\"Lamotte GmbH Hausverwaltungen - Immobilien\",\"publisher\":{\"@id\":\"https:\\\/\\\/lamotte-immobilien.de\\\/#organization\"},\"potentialAction\":[{\"@type\":\"SearchAction\",\"target\":{\"@type\":\"EntryPoint\",\"urlTemplate\":\"https:\\\/\\\/lamotte-immobilien.de\\\/?s={search_term_string}\"},\"query-input\":{\"@type\":\"PropertyValueSpecification\",\"valueRequired\":true,\"valueName\":\"search_term_string\"}}],\"inLanguage\":\"de\"},{\"@type\":\"Organization\",\"@id\":\"https:\\\/\\\/lamotte-immobilien.de\\\/#organization\",\"name\":\"Lamotte GmbH Hausverwaltungen - Immobilien\",\"url\":\"https:\\\/\\\/lamotte-immobilien.de\\\/\",\"logo\":{\"@type\":\"ImageObject\",\"inLanguage\":\"de\",\"@id\":\"https:\\\/\\\/lamotte-immobilien.de\\\/#\\\/schema\\\/logo\\\/image\\\/\",\"url\":\"https:\\\/\\\/lamotte-immobilien.de\\\/wp-content\\\/uploads\\\/2020\\\/03\\\/cropped-Lamotte-Logo-3-6.jpg\",\"contentUrl\":\"https:\\\/\\\/lamotte-immobilien.de\\\/wp-content\\\/uploads\\\/2020\\\/03\\\/cropped-Lamotte-Logo-3-6.jpg\",\"width\":139,\"height\":137,\"caption\":\"Lamotte GmbH Hausverwaltungen - Immobilien\"},\"image\":{\"@id\":\"https:\\\/\\\/lamotte-immobilien.de\\\/#\\\/schema\\\/logo\\\/image\\\/\"}}]}<\/script>\n<!-- \/ Yoast SEO plugin. -->","yoast_head_json":{"title":"\u00dcber uns -","robots":{"index":"index","follow":"follow","max-snippet":"max-snippet:-1","max-image-preview":"max-image-preview:large","max-video-preview":"max-video-preview:-1"},"canonical":"https:\/\/lamotte-immobilien.de\/?page_id=160","og_locale":"de_DE","og_type":"article","og_title":"\u00dcber uns -","og_description":"Ren\u00e9 Lamotte Ausbildung zum Bankkaufmann \/ Studium Wohnungsfachwirt (EBZ) Gesch\u00e4ftsf\u00fchrer &#8222;F\u00fcr uns ist die Verwaltung eine ganzheitliche Kundenbetreuung und nicht nur eine reine Abrechnungst\u00e4tigkeit. Die tats\u00e4chlichen Dienstleistungen eines Verwalters lassen sich daher erst in der t\u00e4glichen Praxis erkennen. F\u00fcr Fragen und Antworten stehen wir Ihnen gerne zur Verf\u00fcgung.&#8220; Ren\u00e9 Lamotte &#8211; Gesch\u00e4ftsf\u00fchrer","og_url":"https:\/\/lamotte-immobilien.de\/?page_id=160","article_modified_time":"2020-11-05T16:08:33+00:00","og_image":[{"url":"https:\/\/lamotte-immobilien.de\/wp-content\/uploads\/2020\/04\/Passfoto_neu-745x1024.jpg","type":"","width":"","height":""}],"twitter_card":"summary_large_image","schema":{"@context":"https:\/\/schema.org","@graph":[{"@type":"WebPage","@id":"https:\/\/lamotte-immobilien.de\/?page_id=160","url":"https:\/\/lamotte-immobilien.de\/?page_id=160","name":"\u00dcber uns -","isPartOf":{"@id":"https:\/\/lamotte-immobilien.de\/#website"},"primaryImageOfPage":{"@id":"https:\/\/lamotte-immobilien.de\/?page_id=160#primaryimage"},"image":{"@id":"https:\/\/lamotte-immobilien.de\/?page_id=160#primaryimage"},"thumbnailUrl":"https:\/\/lamotte-immobilien.de\/wp-content\/uploads\/2020\/04\/Passfoto_neu-745x1024.jpg","datePublished":"2020-03-27T11:45:03+00:00","dateModified":"2020-11-05T16:08:33+00:00","breadcrumb":{"@id":"https:\/\/lamotte-immobilien.de\/?page_id=160#breadcrumb"},"inLanguage":"de","potentialAction":[{"@type":"ReadAction","target":["https:\/\/lamotte-immobilien.de\/?page_id=160"]}]},{"@type":"ImageObject","inLanguage":"de","@id":"https:\/\/lamotte-immobilien.de\/?page_id=160#primaryimage","url":"https:\/\/lamotte-immobilien.de\/wp-content\/uploads\/2020\/04\/Passfoto_neu-745x1024.jpg","contentUrl":"https:\/\/lamotte-immobilien.de\/wp-content\/uploads\/2020\/04\/Passfoto_neu-745x1024.jpg"},{"@type":"BreadcrumbList","@id":"https:\/\/lamotte-immobilien.de\/?page_id=160#breadcrumb","itemListElement":[{"@type":"ListItem","position":1,"name":"Home","item":"https:\/\/lamotte-immobilien.de\/"},{"@type":"ListItem","position":2,"name":"\u00dcber uns"}]},{"@type":"WebSite","@id":"https:\/\/lamotte-immobilien.de\/#website","url":"https:\/\/lamotte-immobilien.de\/","name":"www.lamotte-hausverwaltungen.de","description":"Lamotte GmbH Hausverwaltungen - Immobilien","publisher":{"@id":"https:\/\/lamotte-immobilien.de\/#organization"},"potentialAction":[{"@type":"SearchAction","target":{"@type":"EntryPoint","urlTemplate":"https:\/\/lamotte-immobilien.de\/?s={search_term_string}"},"query-input":{"@type":"PropertyValueSpecification","valueRequired":true,"valueName":"search_term_string"}}],"inLanguage":"de"},{"@type":"Organization","@id":"https:\/\/lamotte-immobilien.de\/#organization","name":"Lamotte GmbH Hausverwaltungen - Immobilien","url":"https:\/\/lamotte-immobilien.de\/","logo":{"@type":"ImageObject","inLanguage":"de","@id":"https:\/\/lamotte-immobilien.de\/#\/schema\/logo\/image\/","url":"https:\/\/lamotte-immobilien.de\/wp-content\/uploads\/2020\/03\/cropped-Lamotte-Logo-3-6.jpg","contentUrl":"https:\/\/lamotte-immobilien.de\/wp-content\/uploads\/2020\/03\/cropped-Lamotte-Logo-3-6.jpg","width":139,"height":137,"caption":"Lamotte GmbH Hausverwaltungen - Immobilien"},"image":{"@id":"https:\/\/lamotte-immobilien.de\/#\/schema\/logo\/image\/"}}]}},"_links":{"self":[{"href":"https:\/\/lamotte-immobilien.de\/index.php?rest_route=\/wp\/v2\/pages\/160","targetHints":{"allow":["GET"]}}],"collection":[{"href":"https:\/\/lamotte-immobilien.de\/index.php?rest_route=\/wp\/v2\/pages"}],"about":[{"href":"https:\/\/lamotte-immobilien.de\/index.php?rest_route=\/wp\/v2\/types\/page"}],"author":[{"embeddable":true,"href":"https:\/\/lamotte-immobilien.de\/index.php?rest_route=\/wp\/v2\/users\/1"}],"replies":[{"embeddable":true,"href":"https:\/\/lamotte-immobilien.de\/index.php?rest_route=%2Fwp%2Fv2%2Fcomments&post=160"}],"version-history":[{"count":20,"href":"https:\/\/lamotte-immobilien.de\/index.php?rest_route=\/wp\/v2\/pages\/160\/revisions"}],"predecessor-version":[{"id":430,"href":"https:\/\/lamotte-immobilien.de\/index.php?rest_route=\/wp\/v2\/pages\/160\/revisions\/430"}],"wp:attachment":[{"href":"https:\/\/lamotte-immobilien.de\/index.php?rest_route=%2Fwp%2Fv2%2Fmedia&parent=160"}],"curies":[{"name":"wp","href":"https:\/\/api.w.org\/{rel}","templated":true}]}}