{"id":318,"date":"2020-05-28T10:31:55","date_gmt":"2020-05-28T10:31:55","guid":{"rendered":"https:\/\/lamotte-immobilien.de\/?page_id=318"},"modified":"2020-05-28T11:26:04","modified_gmt":"2020-05-28T11:26:04","slug":"firmengeschichte","status":"publish","type":"page","link":"https:\/\/lamotte-immobilien.de\/?page_id=318","title":{"rendered":"Firmengeschichte"},"content":{"rendered":"\n<p class=\"has-normal-font-size\">1969 entstand die erste Idee zu einer Art Verwaltung, da man sich im privaten Bereich um ein Haus mit mehreren Parteien k\u00fcmmern musste. Da sich dieses bew\u00e4hrt hatte und die anfallenden T\u00e4tigkeiten sich ebenfalls gut in Einklang mit einem Familienleben bringen lie\u00dfen, gr\u00fcndete Christel Lamotte zum 01.01.1972 ihre eigene Firma zur WEG-Verwaltung. Dass es tats\u00e4chlich einen Markt f\u00fcr diese T\u00e4tigkeit gab, wurde durch das stetige Wachstum an Gemeinschaften deutlich. Die \u00dcbernahme von Mietverwaltungen erweiterte das Gesch\u00e4ftsfeld zus\u00e4tzlich.<\/p>\n\n\n\n<p class=\"has-normal-font-size\">1981 hatte die einst als Nebent\u00e4tigkeit begonnene Verwaltung einen Umfang erreicht, der langfristig die Einstellung von weiteren Mitarbeitern notwendig machen w\u00fcrde. Daher gab Ehemann Dieter Lamotte seine bisherige Besch\u00e4ftigung auf und trat ebenfalls in die Firma ein. Dieses Leben und Arbeiten unter einem Dach kam sowohl den Familienbed\u00fcrfnissen als auch dem Ausbau der unternehmerischen T\u00e4tigkeiten zu Gute.<\/p>\n\n\n\n<p class=\"has-normal-font-size\">1984 wurde ein Umzug der Firma in ein kleines B\u00fcro in Wohnortn\u00e4he erforderlich, da stetiges Wachstum auch weitere Angestellte mit sich brachte. 1985 folgte dann die Umwandlung der Firma in die Lamotte Hausverwaltungen GmbH.<\/p>\n\n\n\n<p class=\"has-normal-font-size\">1991 wurden die heutigen B\u00fcror\u00e4ume bezogen, nachdem das alte B\u00fcro sich wieder als zu klein erwies. 25 Jahre nach der urspr\u00fcnglichen Firmengr\u00fcndung stieg mit Sohn Ren\u00e9 Lamotte ein weiteres Familienmitglied in das abwechslungsreiche Gesch\u00e4ft der Hausverwaltung ein.<\/p>\n\n\n\n<p class=\"has-normal-font-size\">2019 lag die Gr\u00fcndungsidee 50 Jahre zur\u00fcck. Aber ebenso wie der Weg von der Gesch\u00e4ftsidee bis zum erfolgreichen Unternehmen eine Herausforderung ist, ist es auch der Schritt aus dem aktiven Gesch\u00e4ftsleben in den \u201eRuhestand\u201c.<\/p>\n\n\n\n<p class=\"has-normal-font-size\">Zu Beginn des Jahres 2020 haben Christel und Dieter Lamotte das Familienunternehmen an die n\u00e4chste Generation \u00fcbergeben. In allen Fragen rund um die Immobilienverwaltung \u00fcbernimmt nun Ren\u00e9 Lamotte Ihre pers\u00f6nliche Begleitung und professionelle Betreuung.<\/p>\n","protected":false},"excerpt":{"rendered":"<p>1969 entstand die erste Idee zu einer Art Verwaltung, da man sich im privaten Bereich um ein Haus mit mehreren Parteien k\u00fcmmern musste. Da sich dieses bew\u00e4hrt hatte und die anfallenden T\u00e4tigkeiten sich ebenfalls gut in Einklang mit einem Familienleben bringen lie\u00dfen, gr\u00fcndete Christel Lamotte zum 01.01.1972 ihre eigene Firma zur WEG-Verwaltung. Dass es tats\u00e4chlich [&hellip;]<\/p>\n","protected":false},"author":1,"featured_media":0,"parent":0,"menu_order":0,"comment_status":"closed","ping_status":"closed","template":"","meta":{"footnotes":""},"class_list":["post-318","page","type-page","status-publish","hentry"],"yoast_head":"<!-- This site is optimized with the Yoast SEO plugin v27.6 - https:\/\/yoast.com\/product\/yoast-seo-wordpress\/ -->\n<title>Firmengeschichte -<\/title>\n<meta name=\"robots\" content=\"index, follow, max-snippet:-1, max-image-preview:large, max-video-preview:-1\" \/>\n<link rel=\"canonical\" href=\"https:\/\/lamotte-immobilien.de\/?page_id=318\" \/>\n<meta property=\"og:locale\" content=\"de_DE\" \/>\n<meta property=\"og:type\" content=\"article\" \/>\n<meta property=\"og:title\" content=\"Firmengeschichte -\" \/>\n<meta property=\"og:description\" content=\"1969 entstand die erste Idee zu einer Art Verwaltung, da man sich im privaten Bereich um ein Haus mit mehreren Parteien k\u00fcmmern musste. Da sich dieses bew\u00e4hrt hatte und die anfallenden T\u00e4tigkeiten sich ebenfalls gut in Einklang mit einem Familienleben bringen lie\u00dfen, gr\u00fcndete Christel Lamotte zum 01.01.1972 ihre eigene Firma zur WEG-Verwaltung. Dass es tats\u00e4chlich [&hellip;]\" \/>\n<meta property=\"og:url\" content=\"https:\/\/lamotte-immobilien.de\/?page_id=318\" \/>\n<meta property=\"article:modified_time\" content=\"2020-05-28T11:26:04+00:00\" \/>\n<meta name=\"twitter:card\" content=\"summary_large_image\" \/>\n<meta name=\"twitter:label1\" content=\"Gesch\u00e4tzte Lesezeit\" \/>\n\t<meta name=\"twitter:data1\" content=\"1\u00a0Minute\" \/>\n<script type=\"application\/ld+json\" class=\"yoast-schema-graph\">{\"@context\":\"https:\\\/\\\/schema.org\",\"@graph\":[{\"@type\":\"WebPage\",\"@id\":\"https:\\\/\\\/lamotte-immobilien.de\\\/?page_id=318\",\"url\":\"https:\\\/\\\/lamotte-immobilien.de\\\/?page_id=318\",\"name\":\"Firmengeschichte -\",\"isPartOf\":{\"@id\":\"https:\\\/\\\/lamotte-immobilien.de\\\/#website\"},\"datePublished\":\"2020-05-28T10:31:55+00:00\",\"dateModified\":\"2020-05-28T11:26:04+00:00\",\"breadcrumb\":{\"@id\":\"https:\\\/\\\/lamotte-immobilien.de\\\/?page_id=318#breadcrumb\"},\"inLanguage\":\"de\",\"potentialAction\":[{\"@type\":\"ReadAction\",\"target\":[\"https:\\\/\\\/lamotte-immobilien.de\\\/?page_id=318\"]}]},{\"@type\":\"BreadcrumbList\",\"@id\":\"https:\\\/\\\/lamotte-immobilien.de\\\/?page_id=318#breadcrumb\",\"itemListElement\":[{\"@type\":\"ListItem\",\"position\":1,\"name\":\"Home\",\"item\":\"https:\\\/\\\/lamotte-immobilien.de\\\/\"},{\"@type\":\"ListItem\",\"position\":2,\"name\":\"Firmengeschichte\"}]},{\"@type\":\"WebSite\",\"@id\":\"https:\\\/\\\/lamotte-immobilien.de\\\/#website\",\"url\":\"https:\\\/\\\/lamotte-immobilien.de\\\/\",\"name\":\"www.lamotte-hausverwaltungen.de\",\"description\":\"Lamotte GmbH Hausverwaltungen - Immobilien\",\"publisher\":{\"@id\":\"https:\\\/\\\/lamotte-immobilien.de\\\/#organization\"},\"potentialAction\":[{\"@type\":\"SearchAction\",\"target\":{\"@type\":\"EntryPoint\",\"urlTemplate\":\"https:\\\/\\\/lamotte-immobilien.de\\\/?s={search_term_string}\"},\"query-input\":{\"@type\":\"PropertyValueSpecification\",\"valueRequired\":true,\"valueName\":\"search_term_string\"}}],\"inLanguage\":\"de\"},{\"@type\":\"Organization\",\"@id\":\"https:\\\/\\\/lamotte-immobilien.de\\\/#organization\",\"name\":\"Lamotte GmbH Hausverwaltungen - Immobilien\",\"url\":\"https:\\\/\\\/lamotte-immobilien.de\\\/\",\"logo\":{\"@type\":\"ImageObject\",\"inLanguage\":\"de\",\"@id\":\"https:\\\/\\\/lamotte-immobilien.de\\\/#\\\/schema\\\/logo\\\/image\\\/\",\"url\":\"https:\\\/\\\/lamotte-immobilien.de\\\/wp-content\\\/uploads\\\/2020\\\/03\\\/cropped-Lamotte-Logo-3-6.jpg\",\"contentUrl\":\"https:\\\/\\\/lamotte-immobilien.de\\\/wp-content\\\/uploads\\\/2020\\\/03\\\/cropped-Lamotte-Logo-3-6.jpg\",\"width\":139,\"height\":137,\"caption\":\"Lamotte GmbH Hausverwaltungen - Immobilien\"},\"image\":{\"@id\":\"https:\\\/\\\/lamotte-immobilien.de\\\/#\\\/schema\\\/logo\\\/image\\\/\"}}]}<\/script>\n<!-- \/ Yoast SEO plugin. -->","yoast_head_json":{"title":"Firmengeschichte -","robots":{"index":"index","follow":"follow","max-snippet":"max-snippet:-1","max-image-preview":"max-image-preview:large","max-video-preview":"max-video-preview:-1"},"canonical":"https:\/\/lamotte-immobilien.de\/?page_id=318","og_locale":"de_DE","og_type":"article","og_title":"Firmengeschichte -","og_description":"1969 entstand die erste Idee zu einer Art Verwaltung, da man sich im privaten Bereich um ein Haus mit mehreren Parteien k\u00fcmmern musste. Da sich dieses bew\u00e4hrt hatte und die anfallenden T\u00e4tigkeiten sich ebenfalls gut in Einklang mit einem Familienleben bringen lie\u00dfen, gr\u00fcndete Christel Lamotte zum 01.01.1972 ihre eigene Firma zur WEG-Verwaltung. Dass es tats\u00e4chlich [&hellip;]","og_url":"https:\/\/lamotte-immobilien.de\/?page_id=318","article_modified_time":"2020-05-28T11:26:04+00:00","twitter_card":"summary_large_image","twitter_misc":{"Gesch\u00e4tzte Lesezeit":"1\u00a0Minute"},"schema":{"@context":"https:\/\/schema.org","@graph":[{"@type":"WebPage","@id":"https:\/\/lamotte-immobilien.de\/?page_id=318","url":"https:\/\/lamotte-immobilien.de\/?page_id=318","name":"Firmengeschichte -","isPartOf":{"@id":"https:\/\/lamotte-immobilien.de\/#website"},"datePublished":"2020-05-28T10:31:55+00:00","dateModified":"2020-05-28T11:26:04+00:00","breadcrumb":{"@id":"https:\/\/lamotte-immobilien.de\/?page_id=318#breadcrumb"},"inLanguage":"de","potentialAction":[{"@type":"ReadAction","target":["https:\/\/lamotte-immobilien.de\/?page_id=318"]}]},{"@type":"BreadcrumbList","@id":"https:\/\/lamotte-immobilien.de\/?page_id=318#breadcrumb","itemListElement":[{"@type":"ListItem","position":1,"name":"Home","item":"https:\/\/lamotte-immobilien.de\/"},{"@type":"ListItem","position":2,"name":"Firmengeschichte"}]},{"@type":"WebSite","@id":"https:\/\/lamotte-immobilien.de\/#website","url":"https:\/\/lamotte-immobilien.de\/","name":"www.lamotte-hausverwaltungen.de","description":"Lamotte GmbH Hausverwaltungen - Immobilien","publisher":{"@id":"https:\/\/lamotte-immobilien.de\/#organization"},"potentialAction":[{"@type":"SearchAction","target":{"@type":"EntryPoint","urlTemplate":"https:\/\/lamotte-immobilien.de\/?s={search_term_string}"},"query-input":{"@type":"PropertyValueSpecification","valueRequired":true,"valueName":"search_term_string"}}],"inLanguage":"de"},{"@type":"Organization","@id":"https:\/\/lamotte-immobilien.de\/#organization","name":"Lamotte GmbH Hausverwaltungen - Immobilien","url":"https:\/\/lamotte-immobilien.de\/","logo":{"@type":"ImageObject","inLanguage":"de","@id":"https:\/\/lamotte-immobilien.de\/#\/schema\/logo\/image\/","url":"https:\/\/lamotte-immobilien.de\/wp-content\/uploads\/2020\/03\/cropped-Lamotte-Logo-3-6.jpg","contentUrl":"https:\/\/lamotte-immobilien.de\/wp-content\/uploads\/2020\/03\/cropped-Lamotte-Logo-3-6.jpg","width":139,"height":137,"caption":"Lamotte GmbH Hausverwaltungen - Immobilien"},"image":{"@id":"https:\/\/lamotte-immobilien.de\/#\/schema\/logo\/image\/"}}]}},"_links":{"self":[{"href":"https:\/\/lamotte-immobilien.de\/index.php?rest_route=\/wp\/v2\/pages\/318","targetHints":{"allow":["GET"]}}],"collection":[{"href":"https:\/\/lamotte-immobilien.de\/index.php?rest_route=\/wp\/v2\/pages"}],"about":[{"href":"https:\/\/lamotte-immobilien.de\/index.php?rest_route=\/wp\/v2\/types\/page"}],"author":[{"embeddable":true,"href":"https:\/\/lamotte-immobilien.de\/index.php?rest_route=\/wp\/v2\/users\/1"}],"replies":[{"embeddable":true,"href":"https:\/\/lamotte-immobilien.de\/index.php?rest_route=%2Fwp%2Fv2%2Fcomments&post=318"}],"version-history":[{"count":3,"href":"https:\/\/lamotte-immobilien.de\/index.php?rest_route=\/wp\/v2\/pages\/318\/revisions"}],"predecessor-version":[{"id":322,"href":"https:\/\/lamotte-immobilien.de\/index.php?rest_route=\/wp\/v2\/pages\/318\/revisions\/322"}],"wp:attachment":[{"href":"https:\/\/lamotte-immobilien.de\/index.php?rest_route=%2Fwp%2Fv2%2Fmedia&parent=318"}],"curies":[{"name":"wp","href":"https:\/\/api.w.org\/{rel}","templated":true}]}}